s v(a)?
-10
Let b(u) be the third derivative of u**6/120 - 2*u**5/15 + 5*u**4/12 - 17*u**3/6 + 2*u**2 + 2*u - 14. Give b(7).
4
Let w(f) = 0 + 2*f**3 + 22*f + 22*f**2 - f**3 - 46*f - 16 - 6. Calculate w(-23).
1
Let v(s) = 1637 - 813 - 859 + 7*s + s**2. What is v(-10)?
-5
Let i(s) = 2*s**2 + 20*s + 9. Let k = 4201 + -4211. What is i(k)?
9
Let v(m) = -m**3 - 17*m**2 - 63*m - 7. Let y be v(-13). Let s(h) = -5 - 128*h - 5 + 9 + y*h. Give s(-1).
-9
Let j(b) = b**2 + 3*b + 2. Let h be ((-63)/49)/(3/(-7)). Determine j(h).
20
Let m(k) = 3*k - 57. Let w be -6 - -1 - (-630)/35. Determine m(w).
-18
Let i(a) = 3*a**3 - 2*a**2 + 2*a - 1. Let c be i(1). Let b(v) = 5*v + 0*v - v**3 - 1 + 7 - 4*v**c. Suppose 2*u + 16 - 1 = z, -3*z = -2*u - 25. Calculate b(u).
6
Let s be (-54)/(-4) - (-4)/(-8). Suppose s + 7 = 2*v + 2*i, -4*v - i + 31 = 0. Let b(p) = -4*p**2 + 9 + 2*p**2 - 2*p + 3*p**2 - 7*p. What is b(v)?
-5
Suppose 275*g - 1236 = 146*g - 333. Let i(j) = -12*j + 88. What is i(g)?
4
Let n(l) = 210*l**2 + 2*l**3 - 218*l**2 + l**3 - 9*l - 4*l**3 - 6 - 8. Let b be n(-7). Let u(s) = -4*s**2 + 4 + 2*s**2 + 3*s**2 - s. Calculate u(b).
4
Let z(x) = 2*x - 12. Suppose 3*c = -g - 180 + 37, -2*c = -5*g + 101. Let q = 171 - 243. Let t be q/c*(2*3)/1. Determine z(t).
6
Let y = -2 - 3. Let j(b) = 2*b**3 - 2*b - 2. Let v(w) = -17*w**3 + 7*w**2 + 21*w + 11. Let d(x) = 9*j(x) + v(x). Calculate d(y).
28
Let m(o) = -o**3 - 3*o**2 + o - 16. Let u = -21878 - -21873. Give m(u).
29
Let x(a) = -a**2 - 5*a - 7. Let z(b) = -b**2 - 13*b - 6. Let j(t) = 3*x(t) - 2*z(t). Calculate j(9).
9
Let q(y) = 3*y**2 + 3*y - 10. Suppose -144 = 5179*u - 5155*u. Give q(u).
80
Let c(d) = 5 - 2*d**3 - 7*d**2 + 3*d**3 - 2*d**3 + 6*d - 5*d. Let b be 0/1 - ((-8)/4 - 4). Suppose 23 = -3*r - z, 2*r + b = 3*z - 2. What is c(r)?
-2
Let a(v) be the third derivative of v**6/60 - v**5/20 + v**3/6 - 1543*v**2. Give a(-1).
-4
Let f be ((-4)/(-3))/(-5 - (-28)/6). Suppose -6*d - 48 = -12*d. Let w(k) = d - 6 + 0*k - 2*k. Determine w(f).
10
Let y(v) = -8*v. Let h be (4 - 4 - -4)*2/(-4). Let g = -1 - h. What is y(g)?
-8
Let d(h) = -h**2 + 20*h + 7. Let s(i) = -1802*i + 18014. Let x be s(10). Determine d(x).
-149
Let c(x) be the second derivative of x**3/6 + 19*x**2/2 + 3744*x. Give c(-13).
6
Let l(w) = w**3 + w**2 + 2*w + 15. Let f(d) = -7*d**3 - 48*d**2 - 93*d - 137. Let i(h) = -f(h) - 6*l(h). Determine i(-40).
7
Let k(i) be the second derivative of -180*i + 0 - 1/3*i**3 - 3/2*i**2. What is k(-1)?
-1
Let y(w) = w**3 - 7*w**2 + 9*w - 1. Suppose 6*k + 2 = 32. Let t be y(k). Let x(g) = g**3 + 7*g**2 + 5*g - 8. What is x(t)?
-2
Suppose 0 + 4 = 2*l. Let c(f) = -l - 1 - f + 3*f - 4. Let b be ((-9)/(-18))/(5/30). Give c(b).
-1
Let a be 5*((-4)/(-5) - 2). Let f(k) = -14*k + 143. Let w be f(10). Let r(x) = -382 - w*x + 388 - x**2 + 2*x**2 + 9*x. Calculate r(a).
6
Let o(k) = -k**3 + 18*k**2 - 18*k + 23. Let m be (1 - -19)/(-2)*(-51)/6. Suppose m = -6*q + 11*q. Let g be o(q). Let n(u) = -u + 2. What is n(g)?
-4
Let f(c) = 5*c + 4. Suppose -12 = -4*w, 3*j - 28 = -w + 116. Let q = 42 - j. Calculate f(q).
-21
Let k be (12/42 - (-568)/(-28))/(-5 - -3). Let l(y) = -y**2 + 13*y - 15. What is l(k)?
15
Let h be (-70)/(-2) + (-7 - -2). Let k(s) = s + h - 29 + 0*s**2 - 2*s**2. Let b = -7 - -10. Determine k(b).
-14
Let h(q) = 9 - q**2 + 6 + 9 + 0*q**2 - 3*q - 15. Give h(6).
-45
Let k(s) be the first derivative of -s**4/4 - 3*s**3 + 11*s**2/2 + 3*s + 46. Give k(-10).
-7
Let d(l) = -l**2 + 4*l. Let j(c) = 4*c**2 - 19*c + 4. Let x(w) = -5*d(w) - j(w). Let h be ((-6)/(-4))/((-2)/4). Calculate x(h).
8
Let i(d) = d + 1. Let t be (40/(-30))/((-2)/6). Let r(l) = -5*l + 6*l**3 - 2*l**2 + t*l + 0*l**2 + 2 + 0*l**3. Let s be r(1). Determine i(s).
6
Suppose -223*q = -2*r - 219*q - 4, 5*q - 10 = 5*r. Suppose x - 24 = -5*l, -4*l = x - 5*l. Let w(h) = 6 - 3 - x*h - 2. What is w(r)?
9
Let h = -51 + 58. Let z(d) = 11*d**2 + 6*d - 1. Let i(n) = -6*n**2 - 4*n + 1. Let t(y) = h*i(y) + 4*z(y). What is t(2)?
3
Let x(w) = -w**3 + 3*w**2 - 3*w + 2. Let n(l) = 2*l**2 + 7*l - 49. Let j be n(-7). Suppose v + j - 2 = 0. Calculate x(v).
0
Let k(l) = -3*l**2 - 4*l + 20. Suppose 18*t + 22 = 2*x + 20*t, -2*x = -3*t - 22. Let f(i) = -8*i**2 - 11*i + 58. Let d(g) = x*k(g) - 4*f(g). Give d(0).
-12
Let s(d) = d - 6. Let t be (-14)/3 - (-2200)/600. What is s(t)?
-7
Let j(q) = 7*q**3 - 40*q**2 + 28*q - 234. Let b be j(6). Let l(v) = -v**3 - 4*v**2 + 64*v - 18. What is l(b)?
6
Let h = 176 + -183. Let r(c) be the third derivative of c**4/24 + 7*c**3/3 + 19*c**2. Let k be r(h). Let o(x) = x**3 - 6*x**2 - 10*x + 4. Give o(k).
-17
Let x = 516 + -508. Let y(n) = n**3 - 9*n**2 + 11*n - 20. What is y(x)?
4
Suppose 4*b + 2*m = 14, -2*b = 3*b - 3*m - 1. Let z be (10/b)/(12/72). Let x = z + -26. Let f(d) = d**3 - 5*d**2 + 2*d + 2. Determine f(x).
-6
Let p = 408 + -404. Suppose 5*z + 7 = g - 1, 2*g = p*z + 10. Let c(q) = -q**3 + q**2. Give c(g).
-18
Let u(r) = -7*r + 53. Let b(g) = 4*g - 27. Let f(q) = 5*b(q) + 3*u(q). Give f(21).
3
Suppose -4*z - 12 = -2*b, -2*z - 2*z + b - 12 = 0. Let f = z + 7. Let a(r) = 5*r**3 + f*r**2 + 3*r - 9*r**3 + 6*r**3 - r**3. Determine a(-2).
2
Suppose 0*p = -13*p + 39. Suppose -2*s + 3*r + 1 = -0*s, s = 2*r. Let a(q) = q**s - 5*q + 1471 - 1472 + 3*q. Calculate a(p).
2
Let y(o) be the second derivative of -74*o - 1/12*o**4 - 5/6*o**3 - o**2 + 1. What is y(-6)?
-8
Let k = -11879 + 11877. Suppose 30 + 0 = 2*v. Let b be (-10)/v - (30/9)/k. Let i(f) = 11*f - 1. What is i(b)?
10
Let b(c) = 4*c**2 - 83*c + 7. Let o(z) = z**2 - 16*z + 1. Let p(u) = -b(u) + 5*o(u). Give p(-3).
-2
Let x(o) = o**3 + 0*o**3 + 12503 + 20*o**2 - 12491 - 21*o. Determine x(-21).
12
Let y(c) = -2 + 5*c + 6 - 5*c**2 + 4*c**2. Suppose -2*w + 469 = 4*f - 37, -541 = -4*f + 5*w. Suppose -10*x + f = 33*x. Give y(x).
10
Let l(z) = z**3 + z**2 - z - 44. Let x = -2682 - -2682. Give l(x).
-44
Suppose -16 = -4*v + 2*x, 3*v - 12 = -0*v + 3*x. Suppose 2*t - v = -2*s + 6, -s + 8 = 4*t. Let q(f) = 3*f + s*f + 7*f**2 - 3*f - 6*f**2. Determine q(-6).
12
Let d(u) = 2*u**3 - 11*u**2 - 5*u + 15. Suppose -4*v + 53*v - 270 = 4*v. Give d(v).
21
Suppose -4*l + 79 = -7*b + 4*b, -2*b = 3*l - 38. Let g(q) = -q**2 + 29 + l - q**3 + 4*q - 3*q**2 - 38. Calculate g(-5).
12
Suppose 0 = 4*c - 16, -5*u - 47*c = -46*c + 6. Let t(l) = 3*l + 4. Let s(y) = y + 2. Let z(p) = 5*s(p) - 3*t(p). Determine z(u).
6
Let l be 1/4 - 2*517/(-88). Let t(v) = -9*v + 25*v - l*v. Give t(-2).
-8
Let s(z) be the first derivative of -1/2*z**2 - z - 52 + 5/3*z**3. Give s(-2).
21
Suppose 2*b - 8 + 0 = 0. Let p(x) = b - 10 + 1 - x - 3. Determine p(4).
-12
Let o(u) = u**2 - 5*u - 84. Let h = 3319 - 3326. What is o(h)?
0
Let p(q) be the third derivative of -q**4/24 - 7*q**3/6 + q**2 - 1937*q. Let c be 7 - ((-1 - -4) + -2). Suppose -s + 45 = -c*s. Determine p(s).
2
Let h(x) = -122*x - 3. Let s be h(-1). Let f(y) = 241 - s - 119 + y. Determine f(0).
3
Let c(x) = 50*x**3 + 20*x**2 - 19*x - 14. Let v(m) = 23*m**3 + 10*m**2 - 8*m - 7. Let i(u) = 6*c(u) - 13*v(u). What is i(11)?
18
Let b be (152*(-2)/(-48))/(3/27*-3). Let m(c) = 19*c + 368. What is m(b)?
7
Let a(k) = 13*k - 47. Suppose -80*w + 229 + 53 = 42. Determine a(w).
-8
Let z(a) = -7*a**3 + 3*a - 2. Suppose -4*o = -3*b + 11, 0 = -2*o - 5*b + 68 - 41. Determine z(o).
-6
Let r(u) = 2*u**2 + 19*u + 20. Suppose 92 + 128 = -5*m. Let c = 36 + m. Let v be r(c). Let o(h) = -h**3 - 3*h**2 + 3*h + 4. Give o(v).
8
Let k be 44/(-6)*(-72)/24. Suppose 29*x = k*x - 49. Let u(s) = -s**3 - 6*s**2 + 9*s. Give u(x).
-14
Let z be 2/(-3)*(-12)/(-8). Let o(u) be the third derivative of 75*u**2 - 1 + 1/6*u**3 + 0*u + 1/60*u**5 + 1/8*u**4. Give o(z).
-1
Suppose -4*o - 40 = -0*o. Let y(t) = 2*t - 787999 + t + 788020. Let r be y(o). Let g(u) = -2*u - 11. What is g(r)?
7
Let m(p) = 2 - 1433*p**3 + 40332*p**2 - 40319*p**2 + 28*p + 1434*p**3. Calculate m(-3).
8
Let u(w) = 16*w + 5. Suppose 4*r - 2*y = 4, -37*r + 34*r + y + 1 = 0. What is u(r)?
-11
Suppose l + 24 = 9*l. Let z(i) = -4*i + 5*i**3 - 4*i**l + 2 + 846*i**2 - 847*i**2. Give z(3).
8
Let n be 1386/112 - 21/56. Let d(o) = 18*o + 12*o**2 - 9*o - o**3 - 15 - 8*o. What is d(n)?
-3
Let d(x) = -7*x**2 - 12*x**3 + 14*x**3 - 3*x**3 - 10 + 17*x**2. Let n = -475 - -485. What is